{"id":9822,"date":"2020-06-09T15:51:42","date_gmt":"2020-06-09T18:51:42","guid":{"rendered":"http:\/\/zepaiva.com\/?page_id=9822"},"modified":"2025-02-20T17:42:53","modified_gmt":"2025-02-20T17:42:53","slug":"o-somsilencio-da-imagem","status":"publish","type":"page","link":"https:\/\/zepaiva.com\/en\/o-somsilencio-da-imagem\/","title":{"rendered":"O Somsil\u00eancio da Imagem"},"content":{"rendered":"<div class=\"wp-block-jetpack-tiled-gallery alignfull is-style-square\"><div class=\"tiled-gallery__gallery\"><div class=\"tiled-gallery__row columns-2\"><div class=\"tiled-gallery__col\"><figure class=\"tiled-gallery__item\"><img decoding=\"async\" alt=\"\" data-height=\"1800\" data-id=\"9826\" data-link=\"https:\/\/zepaiva.com\/galerias\/o-somsilencio-da-imagem\/1-capa\/\" data-url=\"https:\/\/zepaiva.wordpress.com\/wp-content\/uploads\/2020\/06\/1-capa.jpg\" data-width=\"2880\" src=\"https:\/\/zepaiva.wordpress.com\/wp-content\/uploads\/2020\/06\/1-capa.jpg?resize=1800%2C1800\" data-amp-layout=\"responsive\" \/><\/figure><\/div><div class=\"tiled-gallery__col\"><figure class=\"tiled-gallery__item\"><img decoding=\"async\" alt=\"\" data-height=\"1800\" data-id=\"9827\" data-link=\"https:\/\/zepaiva.com\/galerias\/o-somsilencio-da-imagem\/praia-da-joaquina-3\/\" data-url=\"https:\/\/zepaiva.wordpress.com\/wp-content\/uploads\/2020\/06\/2-levitacao-1.jpg\" data-width=\"2880\" src=\"https:\/\/zepaiva.wordpress.com\/wp-content\/uploads\/2020\/06\/2-levitacao-1.jpg?resize=1800%2C1800\" data-amp-layout=\"responsive\" \/><\/figure><\/div><\/div><div class=\"tiled-gallery__row columns-3\"><div class=\"tiled-gallery__col\"><figure class=\"tiled-gallery__item\"><img decoding=\"async\" alt=\"\" data-height=\"1800\" data-id=\"9828\" data-link=\"https:\/\/zepaiva.com\/galerias\/o-somsilencio-da-imagem\/3-karumi\/\" data-url=\"https:\/\/zepaiva.wordpress.com\/wp-content\/uploads\/2020\/06\/3-karumi.jpg\" data-width=\"2880\" src=\"https:\/\/zepaiva.wordpress.com\/wp-content\/uploads\/2020\/06\/3-karumi.jpg?resize=1800%2C1800\" data-amp-layout=\"responsive\" \/><\/figure><\/div><div class=\"tiled-gallery__col\"><figure class=\"tiled-gallery__item\"><img decoding=\"async\" alt=\"\" data-height=\"1800\" data-id=\"10445\" data-link=\"https:\/\/zepaiva.com\/galerias\/o-somsilencio-da-imagem\/4-furyu-2\/\" data-url=\"https:\/\/zepaiva.wordpress.com\/wp-content\/uploads\/2021\/03\/4-furyu.jpg\" data-width=\"2880\" src=\"https:\/\/zepaiva.wordpress.com\/wp-content\/uploads\/2021\/03\/4-furyu.jpg?resize=1800%2C1800\" data-amp-layout=\"responsive\" \/><\/figure><\/div><div class=\"tiled-gallery__col\"><figure class=\"tiled-gallery__item\"><img decoding=\"async\" alt=\"\" data-height=\"1800\" data-id=\"9830\" data-link=\"https:\/\/zepaiva.com\/galerias\/o-somsilencio-da-imagem\/5-wabi\/\" data-url=\"https:\/\/zepaiva.wordpress.com\/wp-content\/uploads\/2020\/06\/5-wabi.jpg\" data-width=\"2880\" src=\"https:\/\/zepaiva.wordpress.com\/wp-content\/uploads\/2020\/06\/5-wabi.jpg?resize=1800%2C1800\" data-amp-layout=\"responsive\" \/><\/figure><\/div><\/div><div class=\"tiled-gallery__row columns-3\"><div class=\"tiled-gallery__col\"><figure class=\"tiled-gallery__item\"><img decoding=\"async\" alt=\"\" data-height=\"1800\" data-id=\"9831\" data-link=\"https:\/\/zepaiva.com\/galerias\/o-somsilencio-da-imagem\/6-sabi\/\" data-url=\"https:\/\/zepaiva.wordpress.com\/wp-content\/uploads\/2020\/06\/6-sabi.jpg\" data-width=\"2880\" src=\"https:\/\/zepaiva.wordpress.com\/wp-content\/uploads\/2020\/06\/6-sabi.jpg?resize=1800%2C1800\" data-amp-layout=\"responsive\" \/><\/figure><\/div><div class=\"tiled-gallery__col\"><figure class=\"tiled-gallery__item\"><img decoding=\"async\" alt=\"\" data-height=\"1800\" data-id=\"9832\" data-link=\"https:\/\/zepaiva.com\/galerias\/o-somsilencio-da-imagem\/7-yugen\/\" data-url=\"https:\/\/zepaiva.wordpress.com\/wp-content\/uploads\/2020\/06\/7-yugen.jpg\" data-width=\"2880\" src=\"https:\/\/zepaiva.wordpress.com\/wp-content\/uploads\/2020\/06\/7-yugen.jpg?resize=1800%2C1800\" data-amp-layout=\"responsive\" \/><\/figure><\/div><div class=\"tiled-gallery__col\"><figure class=\"tiled-gallery__item\"><img decoding=\"async\" alt=\"\" data-height=\"1800\" data-id=\"9833\" data-link=\"https:\/\/zepaiva.com\/galerias\/o-somsilencio-da-imagem\/8-haiga\/\" data-url=\"https:\/\/zepaiva.wordpress.com\/wp-content\/uploads\/2020\/06\/8-haiga.jpg\" data-width=\"2880\" src=\"https:\/\/zepaiva.wordpress.com\/wp-content\/uploads\/2020\/06\/8-haiga.jpg?resize=1800%2C1800\" data-amp-layout=\"responsive\" \/><\/figure><\/div><\/div><div class=\"tiled-gallery__row columns-3\"><div class=\"tiled-gallery__col\"><figure class=\"tiled-gallery__item\"><img decoding=\"async\" alt=\"\" data-height=\"1800\" data-id=\"9834\" data-link=\"https:\/\/zepaiva.com\/galerias\/o-somsilencio-da-imagem\/florianopolis-santa-catarina-foto-de-ze-paiva-vista-imagens-164\/\" data-url=\"https:\/\/zepaiva.wordpress.com\/wp-content\/uploads\/2020\/06\/9-impermanencia.jpg\" data-width=\"2880\" src=\"https:\/\/zepaiva.wordpress.com\/wp-content\/uploads\/2020\/06\/9-impermanencia.jpg?resize=1800%2C1800\" data-amp-layout=\"responsive\" \/><\/figure><\/div><div class=\"tiled-gallery__col\"><figure class=\"tiled-gallery__item\"><img decoding=\"async\" alt=\"\" data-height=\"1800\" data-id=\"9835\" data-link=\"https:\/\/zepaiva.com\/galerias\/o-somsilencio-da-imagem\/10-tenaya\/\" data-url=\"https:\/\/zepaiva.wordpress.com\/wp-content\/uploads\/2020\/06\/10-tenaya.jpg\" data-width=\"2880\" src=\"https:\/\/zepaiva.wordpress.com\/wp-content\/uploads\/2020\/06\/10-tenaya.jpg?resize=1800%2C1800\" data-amp-layout=\"responsive\" \/><\/figure><\/div><div class=\"tiled-gallery__col\"><figure class=\"tiled-gallery__item\"><img decoding=\"async\" alt=\"\" data-height=\"1800\" data-id=\"9836\" data-link=\"https:\/\/zepaiva.com\/galerias\/o-somsilencio-da-imagem\/11-outono\/\" data-url=\"https:\/\/zepaiva.wordpress.com\/wp-content\/uploads\/2020\/06\/11-outono.jpg\" data-width=\"2880\" src=\"https:\/\/zepaiva.wordpress.com\/wp-content\/uploads\/2020\/06\/11-outono.jpg?resize=1800%2C1800\" data-amp-layout=\"responsive\" \/><\/figure><\/div><\/div><div class=\"tiled-gallery__row columns-3\"><div class=\"tiled-gallery__col\"><figure class=\"tiled-gallery__item\"><img decoding=\"async\" alt=\"\" data-height=\"1800\" data-id=\"9837\" data-link=\"https:\/\/zepaiva.com\/galerias\/o-somsilencio-da-imagem\/12-zen\/\" data-url=\"https:\/\/zepaiva.wordpress.com\/wp-content\/uploads\/2020\/06\/12-zen.jpg\" data-width=\"2880\" src=\"https:\/\/zepaiva.wordpress.com\/wp-content\/uploads\/2020\/06\/12-zen.jpg?resize=1800%2C1800\" data-amp-layout=\"responsive\" \/><\/figure><\/div><div class=\"tiled-gallery__col\"><figure class=\"tiled-gallery__item\"><img decoding=\"async\" alt=\"\" data-height=\"1800\" data-id=\"9838\" data-link=\"https:\/\/zepaiva.com\/galerias\/o-somsilencio-da-imagem\/13-simeon\/\" data-url=\"https:\/\/zepaiva.wordpress.com\/wp-content\/uploads\/2020\/06\/13-simeon.jpg\" data-width=\"2880\" src=\"https:\/\/zepaiva.wordpress.com\/wp-content\/uploads\/2020\/06\/13-simeon.jpg?resize=1800%2C1800\" data-amp-layout=\"responsive\" \/><\/figure><\/div><div class=\"tiled-gallery__col\"><figure class=\"tiled-gallery__item\"><img decoding=\"async\" alt=\"\" data-height=\"1800\" data-id=\"10446\" data-link=\"https:\/\/zepaiva.com\/galerias\/o-somsilencio-da-imagem\/14-serenidade-2\/\" data-url=\"https:\/\/zepaiva.wordpress.com\/wp-content\/uploads\/2021\/03\/14-serenidade.jpg\" data-width=\"2880\" src=\"https:\/\/zepaiva.wordpress.com\/wp-content\/uploads\/2021\/03\/14-serenidade.jpg?resize=1800%2C1800\" data-amp-layout=\"responsive\" \/><\/figure><\/div><\/div><\/div><\/div>\n\n\n\n<p><a href=\"https:\/\/zepaiva.com\/en\/o-somsilencio-da-imagem\/\">The Soundsilence of the<\/a><a rel=\"noreferrer noopener\" href=\"https:\/\/zepaiva.com\/en\/2018\/10\/09\/o-somsilencio-da-imagem\/\" target=\"_blank\"> <\/a><a href=\"https:\/\/zepaiva.com\/en\/o-somsilencio-da-imagem\/\">Image<\/a> &#8211; Exposi\u00e7\u00e3o realizada na <a rel=\"noreferrer noopener\" href=\"https:\/\/zepaiva.com\/en\/somsilencio-da-assembleia\/\" target=\"_blank\">the Art Gallery of the Legislative Assembly of Santa Catarina in 2018<\/a> and at <a rel=\"noreferrer noopener\" href=\"https:\/\/zepaiva.com\/en\/o-somsilencio-vai-a-blumenau\/\" target=\"_blank\">the Blumenau Art Museum in 2019.<\/a>. Fotografias impressas em Canvas Canson dispon\u00edveis para venda em tiragem limitada. Para saber mais detalhes clique no bot\u00e3o abaixo:<\/p>\n\n\n\n<div class=\"wp-block-buttons is-layout-flex wp-block-buttons-is-layout-flex\">\n<div class=\"wp-block-button\"><a class=\"wp-block-button__link has-background wp-element-button\" href=\"https:\/\/zepaiva.com\/en\/fineart\/\" style=\"background-color:#3a8db0\">fine art photographs<\/a><\/div>\n<\/div>\n\n\n\n<h2 class=\"wp-block-heading\">Apresenta\u00e7\u00e3o<\/h2>\n\n\n\n<p>Veja abaixo o texto de apresenta\u00e7\u00e3o da exposi\u00e7\u00e3o pelo escritor <a href=\"https:\/\/bloguedobruggemann.blogspot.com\/\" target=\"_blank\" rel=\"noreferrer noopener\">F\u00e1bio Br\u00fcggemann<\/a>:<\/p>\n\n\n\n<p>\u201cThe eye gathers what the hand cannot,\u201d wrote poet Ronald Augusto. Photographer Z\u00e9 Paiva harvests nature to preserve what the hand perhaps could not. These images of nature, even though they are not nature, but a representation of it, are the result of a harvest.<\/p>\n\n\n\n<p>Os haikais \u2013 a m\u00ednima express\u00e3o que condensa o m\u00e1ximo do que o olho colhe \u2013 n\u00e3o est\u00e3o aqui com a fun\u00e7\u00e3o de legenda, nem mesmo como ilustra\u00e7\u00e3o, mas sim, para lembrar a rela\u00e7\u00e3o do fot\u00f3grafo com a contempla\u00e7\u00e3o da natureza e com a sua forma\u00e7\u00e3o de leitor &#8211; ler tamb\u00e9m \u00e9 contemplar.<\/p>\n\n\n\n<p>Every detail of these representations of landscapes is the maximum expression of silence. The movement of prolonged exposures produces sounds, because we see the movement, and this refers to its archetypal noise.<\/p>\n\n\n\n<p>Absolute silence is unbearable. That is why there is sound in the silence of the images. So, contemplate these images, reading and listening to all the soundsilence contained in them.<\/p>","protected":false},"excerpt":{"rendered":"<p>O Somsil\u00eancio da Imagem &#8211; Exposi\u00e7\u00e3o realizada na Galeria de Arte da Assembl\u00e9ia Legislativa de Santa Catarina em 2018 e no Museu de Arte de Blumenau em 2019. Fotografias impressas em Canvas Canson dispon\u00edveis para venda em tiragem limitada. Para saber mais detalhes clique no bot\u00e3o abaixo: Apresenta\u00e7\u00e3o Veja abaixo o texto de apresenta\u00e7\u00e3o da &hellip; <a href=\"https:\/\/zepaiva.com\/en\/o-somsilencio-da-imagem\/\" class=\"more-link\">Continue reading <span class=\"screen-reader-text\">O Somsil\u00eancio da Imagem<\/span> <span class=\"meta-nav\">&rarr;<\/span><\/a><\/p>","protected":false},"author":1,"featured_media":0,"parent":0,"menu_order":0,"comment_status":"closed","ping_status":"closed","template":"","meta":{"footnotes":""},"class_list":["post-9822","page","type-page","status-publish","hentry"],"jetpack_sharing_enabled":true,"_links":{"self":[{"href":"https:\/\/zepaiva.com\/en\/wp-json\/wp\/v2\/pages\/9822","targetHints":{"allow":["GET"]}}],"collection":[{"href":"https:\/\/zepaiva.com\/en\/wp-json\/wp\/v2\/pages"}],"about":[{"href":"https:\/\/zepaiva.com\/en\/wp-json\/wp\/v2\/types\/page"}],"author":[{"embeddable":true,"href":"https:\/\/zepaiva.com\/en\/wp-json\/wp\/v2\/users\/1"}],"replies":[{"embeddable":true,"href":"https:\/\/zepaiva.com\/en\/wp-json\/wp\/v2\/comments?post=9822"}],"version-history":[{"count":1,"href":"https:\/\/zepaiva.com\/en\/wp-json\/wp\/v2\/pages\/9822\/revisions"}],"predecessor-version":[{"id":16421,"href":"https:\/\/zepaiva.com\/en\/wp-json\/wp\/v2\/pages\/9822\/revisions\/16421"}],"wp:attachment":[{"href":"https:\/\/zepaiva.com\/en\/wp-json\/wp\/v2\/media?parent=9822"}],"curies":[{"name":"wp","href":"https:\/\/api.w.org\/{rel}","templated":true}]}}

O Somsilêncio da Imagem

<div class="wp-block-jetpack-tiled-gallery alignfull is-style-square"><div class="tiled-gallery__gallery"><div class="tiled-gallery__row columns-2"><div class="tiled-gallery__col"><figure class="tiled-gallery__item"><img decoding="async" alt="" data-height="1800" data-id="9826" data-link="https://zepaiva.com/galerias/o-somsilencio-da-imagem/1-capa/" data-url="https://zepaiva.wordpress.com/wp-content/uploads/2020/06/1-capa.jpg" data-width="2880" src="https://zepaiva.wordpress.com/wp-content/uploads/2020/06/1-capa.jpg?resize=1800%2C1800" data-amp-layout="responsive" /></figure></div><div class="tiled-gallery__col"><figure class="tiled-gallery__item"><img decoding="async" alt="" data-height="1800" data-id="9827" data-link="https://zepaiva.com/galerias/o-somsilencio-da-imagem/praia-da-joaquina-3/" data-url="https://zepaiva.wordpress.com/wp-content/uploads/2020/06/2-levitacao-1.jpg" data-width="2880" src="https://zepaiva.wordpress.com/wp-content/uploads/2020/06/2-levitacao-1.jpg?resize=1800%2C1800" data-amp-layout="responsive" /></figure></div></div><div class="tiled-gallery__row columns-3"><div class="tiled-gallery__col"><figure class="tiled-gallery__item"><img decoding="async" alt="" data-height="1800" data-id="9828" data-link="https://zepaiva.com/galerias/o-somsilencio-da-imagem/3-karumi/" data-url="https://zepaiva.wordpress.com/wp-content/uploads/2020/06/3-karumi.jpg" data-width="2880" src="https://zepaiva.wordpress.com/wp-content/uploads/2020/06/3-karumi.jpg?resize=1800%2C1800" data-amp-layout="responsive" /></figure></div><div class="tiled-gallery__col"><figure class="tiled-gallery__item"><img decoding="async" alt="" data-height="1800" data-id="10445" data-link="https://zepaiva.com/galerias/o-somsilencio-da-imagem/4-furyu-2/" data-url="https://zepaiva.wordpress.com/wp-content/uploads/2021/03/4-furyu.jpg" data-width="2880" src="https://zepaiva.wordpress.com/wp-content/uploads/2021/03/4-furyu.jpg?resize=1800%2C1800" data-amp-layout="responsive" /></figure></div><div class="tiled-gallery__col"><figure class="tiled-gallery__item"><img decoding="async" alt="" data-height="1800" data-id="9830" data-link="https://zepaiva.com/galerias/o-somsilencio-da-imagem/5-wabi/" data-url="https://zepaiva.wordpress.com/wp-content/uploads/2020/06/5-wabi.jpg" data-width="2880" src="https://zepaiva.wordpress.com/wp-content/uploads/2020/06/5-wabi.jpg?resize=1800%2C1800" data-amp-layout="responsive" /></figure></div></div><div class="tiled-gallery__row columns-3"><div class="tiled-gallery__col"><figure class="tiled-gallery__item"><img decoding="async" alt="" data-height="1800" data-id="9831" data-link="https://zepaiva.com/galerias/o-somsilencio-da-imagem/6-sabi/" data-url="https://zepaiva.wordpress.com/wp-content/uploads/2020/06/6-sabi.jpg" data-width="2880" src="https://zepaiva.wordpress.com/wp-content/uploads/2020/06/6-sabi.jpg?resize=1800%2C1800" data-amp-layout="responsive" /></figure></div><div class="tiled-gallery__col"><figure class="tiled-gallery__item"><img decoding="async" alt="" data-height="1800" data-id="9832" data-link="https://zepaiva.com/galerias/o-somsilencio-da-imagem/7-yugen/" data-url="https://zepaiva.wordpress.com/wp-content/uploads/2020/06/7-yugen.jpg" data-width="2880" src="https://zepaiva.wordpress.com/wp-content/uploads/2020/06/7-yugen.jpg?resize=1800%2C1800" data-amp-layout="responsive" /></figure></div><div class="tiled-gallery__col"><figure class="tiled-gallery__item"><img decoding="async" alt="" data-height="1800" data-id="9833" data-link="https://zepaiva.com/galerias/o-somsilencio-da-imagem/8-haiga/" data-url="https://zepaiva.wordpress.com/wp-content/uploads/2020/06/8-haiga.jpg" data-width="2880" src="https://zepaiva.wordpress.com/wp-content/uploads/2020/06/8-haiga.jpg?resize=1800%2C1800" data-amp-layout="responsive" /></figure></div></div><div class="tiled-gallery__row columns-3"><div class="tiled-gallery__col"><figure class="tiled-gallery__item"><img decoding="async" alt="" data-height="1800" data-id="9834" data-link="https://zepaiva.com/galerias/o-somsilencio-da-imagem/florianopolis-santa-catarina-foto-de-ze-paiva-vista-imagens-164/" data-url="https://zepaiva.wordpress.com/wp-content/uploads/2020/06/9-impermanencia.jpg" data-width="2880" src="https://zepaiva.wordpress.com/wp-content/uploads/2020/06/9-impermanencia.jpg?resize=1800%2C1800" data-amp-layout="responsive" /></figure></div><div class="tiled-gallery__col"><figure class="tiled-gallery__item"><img decoding="async" alt="" data-height="1800" data-id="9835" data-link="https://zepaiva.com/galerias/o-somsilencio-da-imagem/10-tenaya/" data-url="https://zepaiva.wordpress.com/wp-content/uploads/2020/06/10-tenaya.jpg" data-width="2880" src="https://zepaiva.wordpress.com/wp-content/uploads/2020/06/10-tenaya.jpg?resize=1800%2C1800" data-amp-layout="responsive" /></figure></div><div class="tiled-gallery__col"><figure class="tiled-gallery__item"><img decoding="async" alt="" data-height="1800" data-id="9836" data-link="https://zepaiva.com/galerias/o-somsilencio-da-imagem/11-outono/" data-url="https://zepaiva.wordpress.com/wp-content/uploads/2020/06/11-outono.jpg" data-width="2880" src="https://zepaiva.wordpress.com/wp-content/uploads/2020/06/11-outono.jpg?resize=1800%2C1800" data-amp-layout="responsive" /></figure></div></div><div class="tiled-gallery__row columns-3"><div class="tiled-gallery__col"><figure class="tiled-gallery__item"><img decoding="async" alt="" data-height="1800" data-id="9837" data-link="https://zepaiva.com/galerias/o-somsilencio-da-imagem/12-zen/" data-url="https://zepaiva.wordpress.com/wp-content/uploads/2020/06/12-zen.jpg" data-width="2880" src="https://zepaiva.wordpress.com/wp-content/uploads/2020/06/12-zen.jpg?resize=1800%2C1800" data-amp-layout="responsive" /></figure></div><div class="tiled-gallery__col"><figure class="tiled-gallery__item"><img decoding="async" alt="" data-height="1800" data-id="9838" data-link="https://zepaiva.com/galerias/o-somsilencio-da-imagem/13-simeon/" data-url="https://zepaiva.wordpress.com/wp-content/uploads/2020/06/13-simeon.jpg" data-width="2880" src="https://zepaiva.wordpress.com/wp-content/uploads/2020/06/13-simeon.jpg?resize=1800%2C1800" data-amp-layout="responsive" /></figure></div><div class="tiled-gallery__col"><figure class="tiled-gallery__item"><img decoding="async" alt="" data-height="1800" data-id="10446" data-link="https://zepaiva.com/galerias/o-somsilencio-da-imagem/14-serenidade-2/" data-url="https://zepaiva.wordpress.com/wp-content/uploads/2021/03/14-serenidade.jpg" data-width="2880" src="https://zepaiva.wordpress.com/wp-content/uploads/2021/03/14-serenidade.jpg?resize=1800%2C1800" data-amp-layout="responsive" /></figure></div></div></div></div>



<p><a href="https://zepaiva.com/en/o-somsilencio-da-imagem/">The Soundsilence of the</a><a rel="noreferrer noopener" href="https://zepaiva.com/en/2018/10/09/o-somsilencio-da-imagem/" target="_blank"> </a><a href="https://zepaiva.com/en/o-somsilencio-da-imagem/">Image</a> &#8211; Exposição realizada na <a rel="noreferrer noopener" href="https://zepaiva.com/en/somsilencio-da-assembleia/" target="_blank">the Art Gallery of the Legislative Assembly of Santa Catarina in 2018</a> and at <a rel="noreferrer noopener" href="https://zepaiva.com/en/o-somsilencio-vai-a-blumenau/" target="_blank">the Blumenau Art Museum in 2019.</a>. Fotografias impressas em Canvas Canson disponíveis para venda em tiragem limitada. Para saber mais detalhes clique no botão abaixo:</p>



<div class="wp-block-buttons is-layout-flex wp-block-buttons-is-layout-flex">
<div class="wp-block-button"><a class="wp-block-button__link has-background wp-element-button" href="https://zepaiva.com/en/fineart/" style="background-color:#3a8db0">fine art photographs</a></div>
</div>



<h2 class="wp-block-heading">Apresentação</h2>



<p>Veja abaixo o texto de apresentação da exposição pelo escritor <a href="https://bloguedobruggemann.blogspot.com/" target="_blank" rel="noreferrer noopener">Fábio Brüggemann</a>:</p>



<p>“The eye gathers what the hand cannot,” wrote poet Ronald Augusto. Photographer Zé Paiva harvests nature to preserve what the hand perhaps could not. These images of nature, even though they are not nature, but a representation of it, are the result of a harvest.</p>



<p>Os haikais – a mínima expressão que condensa o máximo do que o olho colhe – não estão aqui com a função de legenda, nem mesmo como ilustração, mas sim, para lembrar a relação do fotógrafo com a contemplação da natureza e com a sua formação de leitor &#8211; ler também é contemplar.</p>



<p>Every detail of these representations of landscapes is the maximum expression of silence. The movement of prolonged exposures produces sounds, because we see the movement, and this refers to its archetypal noise.</p>



<p>Absolute silence is unbearable. That is why there is sound in the silence of the images. So, contemplate these images, reading and listening to all the soundsilence contained in them.</p>

<p>O Somsilêncio da Imagem &#8211; Exposição realizada na Galeria de Arte da Assembléia Legislativa de Santa Catarina em 2018 e no Museu de Arte de Blumenau em 2019. Fotografias impressas em Canvas Canson disponíveis para venda em tiragem limitada. Para saber mais detalhes clique no botão abaixo: Apresentação Veja abaixo o texto de apresentação da &hellip; <a href="https://zepaiva.com/en/o-somsilencio-da-imagem/" class="more-link">Continue reading <span class="screen-reader-text">O Somsilêncio da Imagem</span> <span class="meta-nav">&rarr;</span></a></p>
